l be r(-1). Suppose -2*d = l + 2. What is the units digit of (-8 + 11)*(-1)/d?
1
Let x(s) = -10*s**3 + s + 2. Let q be x(-1). Suppose 0 = 2*d - 4*t - 294, 13*t = q*t - 2. What is the tens digit of d?
4
Suppose 0 = m - 4 + 3. What is the units digit of m*67 + (-5 - (3 + -11))?
0
Let b be -11 + (-3 - (5 + -4)). What is the units digit of (6/(-30))/(1/b)?
3
Let p(h) = 19*h - 20. Let x be p(7). Suppose i - 358 = -x. What is the hundreds digit of i?
2
Suppose -3*w = -0*w. Suppose 1120 = 15*k + 25*k. Let r = k - w. What is the tens digit of r?
2
Suppose f = -4*v - v + 833, v = -5*f + 4093. What is the units digit of f?
8
Let m(f) = 3*f + 12. Let v be m(-15). Let q = v - -121. What is the units digit of q?
8
Suppose -m + 3*a = -247 - 76, -3*m + 947 = 2*a. Let h = m - 83. What is the units digit of h?
4
Let c = -223 + 226. Let n be (-2)/((-4)/(-1))*0. Suppose q - 2*t = -5*t, n = c*q + 4*t - 20. What is the units digit of q?
2
Let z = 635 + -424. What is the hundreds digit of z?
2
Suppose 31*n = 9*n + 35684. What is the thousands digit of n?
1
Suppose 97 = -4*y - c, 0 = -4*y + c - 5*c - 88. Let k be 1/5 - 2645/y. Let r = -67 + k. What is the units digit of r?
9
What is the thousands digit of 80/(11 + -3) + 3476?
3
Let z be (-16)/(-6)*(-42)/(-56). Suppose -z*d + 174 = -5*j, 2*d + 0*j = j + 158. What is the tens digit of d?
7
Let g(r) = -55*r + 8. Suppose 2*h = -4*l - 30, 4*l + 34 = -3*h - 11. Let v be g(h). What is the units digit of v/14 - 3/6?
9
Let l be (-200)/5*4/10. Suppose 3*v - 18 = 63. Let y = v + l. What is the tens digit of y?
1
Let k(o) = 2*o**2 - 3*o + 2. Suppose -h = 2*m - 10, -5*h - 4*m + 14 = -3*m. Let g be k(h). Suppose -g*l + 32 = -24. What is the tens digit of l?
1
Let r = -13 + 22. Let b = r - 11. What is the units digit of (12 + -2)*(b - -4)?
0
Let p(l) = -11*l. Let v be 2 + (-10 + 4 - -2). Let n be (v/3)/(2/3). What is the units digit of p(n)?
1
Let w = -2054 + 3046. What is the hundreds digit of w?
9
Let k be ((-12)/(-10))/(12/(-640)). Let j = 65 - k. What is the hundreds digit of j?
1
Let f(x) = -x**3 - 25*x**2 - 28*x + 6. Let s be f(-24). Suppose 2*b = -2*c + 236, 14 - s = -b + 5*c. What is the hundreds digit of b?
1
Let b = 61 - 21. Suppose b = 16*y - 15*y. What is the tens digit of y?
4
What is the units digit of (-195)/2*((-700)/15 + 16)?
0
Suppose 0 = -5*d - 5*y - 100, 4*d + 5*y = -21 - 63. Let f = 23 + d. What is the units digit of f?
7
Let m(k) = 231*k - 635. What is the thousands digit of m(9)?
1
Let g be (-1)/(-1) + (-3)/(-3)*1. Let q(k) = 26*k**3 + 2*k**2 + 3*k - 5. What is the tens digit of q(g)?
1
Suppose 4*d = 4*p - 3*p + 407, 2*d - p = 205. What is the units digit of d?
1
Suppose 0*b = 4*b - 288. Let u = 29 - 26. Suppose b + 3 = u*m. What is the units digit of m?
5
Let a be -10 - -8 - -51*3. Suppose -7*k = -3*k - 3*u - 119, 5*k - 3*u = a. What is the units digit of k?
2
Let a = 11 - 11. Let j(p) = p**2 + 2*p + 14. What is the tens digit of j(a)?
1
Suppose -794 = -4*n + 274. Suppose 0 = 4*z - 61 - n. What is the tens digit of z?
8
What is the units digit of (-2)/10 - 0 - 5118/(-15)?
1
Let z(a) = -a**3 + 3*a + 1029. What is the hundreds digit of z(0)?
0
Suppose -4*o = -0*o - 4*q - 24, -4*q - 21 = -o. Let f be 1*o/(-2)*-310. Suppose f = -u + 6*u. What is the units digit of u?
1
Let m be 6/(-21) - (-16)/7. What is the units digit of 18 + -5 + (m - 0)?
5
Suppose -7*n + 6529 = 1874. What is the tens digit of n?
6
Suppose 4 + 0 = 2*w, 0 = 2*q + 5*w - 238. What is the tens digit of q?
1
Suppose 2*a - 802 - 388 = -2*m, 0 = -4*m + 5*a + 2416. Let q = -340 + m. What is the units digit of q?
9
What is the hundreds digit of (464/96 + -5)/(2/(-13164))?
0
Suppose 29 = 4*a - 27. What is the hundreds digit of 1964/a - 32/112?
1
Let f = 979 - 439. What is the units digit of f?
0
Let r = 485 + -414. What is the tens digit of r?
7
Suppose -61836 = 16*g - 28*g. What is the thousands digit of g?
5
Suppose -2*h + 3*h - 4*w = 200, -5*h = 3*w - 908. Suppose -5*n - 5*u + 450 = 0, -2*n + h - 19 = -u. What is the tens digit of n?
8
Suppose -14*l + 8*l + 1608 = 0. Let w = -156 + l. What is the units digit of w?
2
Let x = -25 + 55. Let s = 20 - x. What is the units digit of (162/45)/((-2)/s)?
8
Let n(i) = 2*i**3 - 3*i**2 - 57*i + 22. What is the hundreds digit of n(8)?
3
Suppose 4*d = 4*b - 4992, 9*b = 5*b + 2*d + 4982. What is the tens digit of b?
4
What is the units digit of -76 + 70 + (263 - -1)?
8
Suppose 10 = 11*z - 23. Suppose z*t + 6 = 15. What is the units digit of t?
3
Suppose 0 = -15*x + 26383 + 16142. What is the hundreds digit of x?
8
Let f = 33 - 9. Suppose -f*r + 23*r + 122 = 0. What is the units digit of r?
2
Let j(c) = c**2 - 12*c + 14. Let k be j(11). Suppose k*t - 20 = 115. What is the units digit of t?
5
Let s(v) = -4*v - 56. Let n be s(-10). Let o be 2/(4/(-2)) - -19. Let r = o + n. What is the units digit of r?
2
Let p be 4*(1/3 + 20/12). Suppose p*k = -5*k + 1287. What is the tens digit of k?
9
Suppose 0 = -i - 3*m - m - 10, 4*i + 3*m = 25. What is the tens digit of i?
1
What is the hundreds digit of 3280/2 - (-55 - -1)/9?
6
Let c = 16 + -26. What is the tens digit of (-22)/c*13 + (-2)/(-5)?
2
What is the units digit of ((-3)/2)/((-174)/232)?
2
Let c = 727 + -562. What is the tens digit of c?
6
Let g(b) = -9*b**3 - b + 1. Let w be g(1). Let u(s) = s + 40. What is the tens digit of u(w)?
3
Let p(q) = 31*q**2 + 14*q - 44. What is the tens digit of p(5)?
0
Suppose 0 = -2*q + 2 + 16. Let j be (-154)/6 - (-6)/q. Let l = 50 + j. What is the tens digit of l?
2
Suppose 846 = 7*q - 295. What is the hundreds digit of q?
1
What is the tens digit of (9 - 5)*(-5 - -39)?
3
Let m(h) = 13*h**2 + 6 + 22*h + 9*h**2 - 20*h**2. What is the units digit of m(-13)?
8
Let x(q) = -q**2 + 2*q - 7. Let m be 0 + (4 - (1 - -3)). Let u be x(m). Let t = u - -26. What is the tens digit of t?
1
Let i(g) = -14*g - 3. Let n be i(-4). Let f = n + -79. What is the tens digit of -2*(-2 + f)/2?
2
Let c(g) = -137*g**3 + 2*g**2 - 2*g - 1. Let a(u) = 4*u - 1. Let d be a(0). What is the units digit of c(d)?
0
Suppose -9*v = -5*v + 656. Let l = v + 249. Suppose -n - n - 5*q = -l, q + 1 = 0. What is the units digit of n?
5
Let t = -132 + 119. Suppose -4*m - 69 = -m. Let w = t - m. What is the units digit of w?
0
Suppose 0 = 4*u + 5*m - 42, -5*u + 30 = -0*m - 5*m. Suppose -u*s + 132 = -6*s. What is the units digit of s?
6
Let s(t) = t**2 + 4*t - 4. Suppose -6 = -m - 1. Let x = m + -1. What is the units digit of s(x)?
8
Let r(q) = -126*q**3 + 8 + 62*q**3 - 6*q + 65*q**3 - 3*q**2. What is the units digit of r(5)?
8
Let u = 730 - -3537. What is the tens digit of u?
6
Let j = -6 - -7. Let n be (33 - (-2 - -2)) + j. Suppose -t + r = -16, -55 - n = -4*t - r. What is the tens digit of t?
2
Let l = -12 - -19. Let k = l - 2. Suppose -3*j = -4*r - 78, k*r = -5*j + r + 98. What is the units digit of j?
2
Let f(g) = -g**2 - 8*g + 12. Let a be f(-6). Let s(b) = b**2 - 20*b - 22. What is the tens digit of s(a)?
7
Suppose 0 = 36*j - 42*j + 5622. What is the hundreds digit of j?
9
Suppose -5*b - 2*s = -2378, s - 607 = -3*b + 819. What is the hundreds digit of b?
4
Suppose 181*h - 180*h - 179 = 0. What is the hundreds digit of h?
1
Suppose -7*j + 29 = -6. Suppose 0 = 4*r - j*i - 45, 0 = 3*r + i - 3*i - 39. What is the units digit of r?
5
Suppose -5*t + 98 = 13. Let b = 19 - t. Suppose b*d - 52 + 16 = 0. What is the tens digit of d?
1
Suppose 1571 = 17*a - 1081. What is the hundreds digit of a?
1
Let o be 8/6*90/40. Suppose 3*g = -o*y + 354, 2*g + 3*g - 348 = -3*y. What is the tens digit of y?
2
Let h be (-28)/(-8) - 18/12. What is the units digit of (2 + h)*204/16?
1
Suppose 0 = 5*d + 2*q - 19198, 3*d + 10*q = 5*q + 11515. What is the hundreds digit of d?
8
Let s be 6*(1 - -3) - 3/1. Suppose 310 = -s*y + 26*y. What is the tens digit of y?
6
Let t(c) = -c**2 + 8*c + 12. Let y be t(9). Suppose -w = y*u - 4*u - 10, -u - 14 = -3*w. Let b = 3 - u. What is the units digit of b?
1
Suppose -2*y - 10 = -m - 177, y + 4*m - 61 = 0. Suppose -8*i + y + 23 = 0. What is the tens digit of i?
1
Suppose 8507 + 14477 = 17*l. What is the hundreds digit of l?
3
What is the hundreds digit of 6/30 - (-26072)/40?
6
Let v(h) = 70*h**3 - h**2 + 3*h - 2. What is the tens digit of v(1)?
7
Let p be (-18 + 0)*4